{"id":28,"date":"2018-03-26T11:10:43","date_gmt":"2018-03-26T10:10:43","guid":{"rendered":"https:\/\/lebensraeume-aus-holz.de\/cms\/?page_id=28"},"modified":"2024-03-05T10:52:03","modified_gmt":"2024-03-05T09:52:03","slug":"holzhausbau-oekologischer-hausbau","status":"publish","type":"page","link":"https:\/\/lebensraeume-aus-holz.de\/cms\/holzhausbau-oekologischer-hausbau\/","title":{"rendered":"Holzhausbau, \u00d6kologischer Hausbau"},"content":{"rendered":"<p>[vc_row][vc_column][vc_column_text css=&#8220;.vc_custom_1522744634470{margin-top: 50px !important;}&#8220;]<\/p>\n<h1>Holzhausbau, \u00d6kologischer Hausbau<\/h1>\n<p>[\/vc_column_text][vc_column_text]\u00d6kologische Holzh\u00e4user, Wohlf\u00fchlen und Energie sparen. Gesundes Bauen und Wohnen, durch die Verwendung von nat\u00fcrlichen, gesunden und umweltgerechten Baustoffen.[\/vc_column_text][vc_column_text]<\/p>\n<h2 class=\"p1\"><span class=\"s1\">Ihre Vorteile:<\/span><\/h2>\n<ul>\n<li class=\"p1\"><span class=\"s1\">v\u00f6llig individuell planbar<\/span><\/li>\n<li class=\"p1\"><span class=\"s1\">individuell planbarer Energiestandard von EnEV \u00fcber KfW Effizienzh\u00e4user, bis zum Passiv Haus<\/span><\/li>\n<li class=\"p1\"><span class=\"s1\">optimales Wohlf\u00fchlklima durch nat\u00fcrliche Baustoffe<\/span><\/li>\n<li class=\"p1\"><span class=\"s1\">nachhaltiges Bauen durch den nachwachsenden Rohstoff Holz<\/span><\/li>\n<li class=\"p1\"><span class=\"s1\">Eigenleistungen v\u00f6llig auf Ihre W\u00fcnsche planbar<\/span><\/li>\n<li class=\"p1\"><span class=\"s1\">Beste und gesunde W\u00e4rmed\u00e4mmung, sowie bester Hitze- und Schallschutz<\/span><\/li>\n<\/ul>\n<p>[\/vc_column_text][\/vc_column][\/vc_row][vc_row][vc_column css=&#8220;.vc_custom_1525000527820{margin-top: 50px !important;}&#8220;][vc_column_text]<\/p>\n<div style=\"width: 967px;\" class=\"wp-video\"><!--[if lt IE 9]><script>document.createElement('video');<\/script><![endif]-->\n<video class=\"wp-video-shortcode\" id=\"video-28-1\" width=\"967\" height=\"544\" loop autoplay preload=\"auto\" controls=\"controls\"><source type=\"video\/mp4\" src=\"https:\/\/lebensraeume-aus-holz.de\/cms\/wp-content\/uploads\/2018\/04\/BV-Kunzelmann-Webseite.mp4?_=1\" \/><a href=\"https:\/\/lebensraeume-aus-holz.de\/cms\/wp-content\/uploads\/2018\/04\/BV-Kunzelmann-Webseite.mp4\">https:\/\/lebensraeume-aus-holz.de\/cms\/wp-content\/uploads\/2018\/04\/BV-Kunzelmann-Webseite.mp4<\/a><\/video><\/div>\n<p>[\/vc_column_text][\/vc_column][\/vc_row][vc_row css=&#8220;.vc_custom_1522751114348{margin-top: 30px !important;margin-bottom: 30px !important;}&#8220;][vc_column css=&#8220;.vc_custom_1525000522791{margin-top: 100px !important;}&#8220;][vc_gallery type=&#8220;flexslider_slide&#8220; interval=&#8220;3&#8243; images=&#8220;447,448,449,450,445,446,443,444&#8243; img_size=&#8220;large&#8220; onclick=&#8220;&#8220;][\/vc_column][\/vc_row][vc_row full_width=&#8220;stretch_row&#8220; css=&#8220;.vc_custom_1522751134637{margin-top: 50px !important;margin-bottom: 50px !important;background-color: #1e73be !important;}&#8220;][vc_column][vc_column_text css=&#8220;.vc_custom_1709632320809{padding-top: 15px !important;padding-bottom: 30px !important;background-position: center !important;background-repeat: no-repeat !important;background-size: cover !important;}&#8220;]<\/p>\n<h1><span style=\"color: #ffffff;\">Weitere Leistungen der Firma Holzbau K\u00fcppers in Talheim bei Heilbronn:<\/span><\/h1>\n<p>[\/vc_column_text][\/vc_column][\/vc_row][vc_row][vc_column width=&#8220;1\/2&#8243;][vc_column_text]<\/p>\n<h1>Holzbau:<\/h1>\n<p>[\/vc_column_text][vc_wp_custommenu nav_menu=&#8220;3&#8243;][\/vc_column][vc_column width=&#8220;1\/2&#8243;][vc_column_text]<\/p>\n<h1>Bedachung:<\/h1>\n<p>[\/vc_column_text][vc_wp_custommenu nav_menu=&#8220;4&#8243;][\/vc_column][\/vc_row][vc_row][vc_column width=&#8220;1\/2&#8243;][vc_column_text]<\/p>\n<h1>Energetische Geb\u00e4udesanierung:<\/h1>\n<p>[\/vc_column_text][vc_wp_custommenu nav_menu=&#8220;5&#8243;][\/vc_column][vc_column width=&#8220;1\/2&#8243;][\/vc_column][\/vc_row]<\/p>\n","protected":false},"excerpt":{"rendered":"<p>[vc_row][vc_column][vc_column_text css=&#8220;.vc_custom_1522744634470{margin-top: 50px !important;}&#8220;] Holzhausbau, \u00d6kologischer Hausbau [\/vc_column_text][vc_column_text]\u00d6kologische Holzh\u00e4user, Wohlf\u00fchlen und Energie sparen. Gesundes Bauen und Wohnen, durch die Verwendung von nat\u00fcrlichen, gesunden und umweltgerechten Baustoffen.[\/vc_column_text][vc_column_text] Ihre Vorteile: v\u00f6llig individuell planbar individuell planbarer Energiestandard von EnEV \u00fcber KfW Effizienzh\u00e4user, bis&#8230;<\/p>\n","protected":false},"author":2,"featured_media":0,"parent":0,"menu_order":40,"comment_status":"closed","ping_status":"closed","template":"","meta":{"footnotes":""},"class_list":["post-28","page","type-page","status-publish","hentry"],"aioseo_notices":[],"_links":{"self":[{"href":"https:\/\/lebensraeume-aus-holz.de\/cms\/wp-json\/wp\/v2\/pages\/28","targetHints":{"allow":["GET"]}}],"collection":[{"href":"https:\/\/lebensraeume-aus-holz.de\/cms\/wp-json\/wp\/v2\/pages"}],"about":[{"href":"https:\/\/lebensraeume-aus-holz.de\/cms\/wp-json\/wp\/v2\/types\/page"}],"author":[{"embeddable":true,"href":"https:\/\/lebensraeume-aus-holz.de\/cms\/wp-json\/wp\/v2\/users\/2"}],"replies":[{"embeddable":true,"href":"https:\/\/lebensraeume-aus-holz.de\/cms\/wp-json\/wp\/v2\/comments?post=28"}],"version-history":[{"count":19,"href":"https:\/\/lebensraeume-aus-holz.de\/cms\/wp-json\/wp\/v2\/pages\/28\/revisions"}],"predecessor-version":[{"id":782,"href":"https:\/\/lebensraeume-aus-holz.de\/cms\/wp-json\/wp\/v2\/pages\/28\/revisions\/782"}],"wp:attachment":[{"href":"https:\/\/lebensraeume-aus-holz.de\/cms\/wp-json\/wp\/v2\/media?parent=28"}],"curies":[{"name":"wp","href":"https:\/\/api.w.org\/{rel}","templated":true}]}}